{"id":10,"date":"2016-09-16T08:47:14","date_gmt":"2016-09-16T14:47:14","guid":{"rendered":"http:\/\/www.stellamaris.edu.uy\/revistapresencia\/?page_id=10"},"modified":"2024-07-13T18:28:19","modified_gmt":"2024-07-13T21:28:19","slug":"acerca-de","status":"publish","type":"page","link":"https:\/\/www.stellamaris.edu.uy\/revistapresencia\/acerca-de\/","title":{"rendered":"Acerca de"},"content":{"rendered":"<p>Revista digital arbitrada: Colegio Stella Maris.<br \/>\nMontevideo \u2013 Uruguay<br \/>\nISSN 2393-7076<\/p>\n<p style=\"text-align: justify;\"><strong>Presencia. Miradas desde y hacia la educaci\u00f3n<\/strong> es una revista dedicada a la reflexi\u00f3n educativa, que busca nuclear la interdisciplinariedad, tendiendo a un alcance que permita generar discusi\u00f3n en el quehacer educativo, aportando herramientas que incentiven la realizaci\u00f3n de pr\u00e1cticas siempre mejores, fundadas en el marco te\u00f3rico que respalda la labor docente.<\/p>\n<p><strong>Presidencia de la Asociaci\u00f3n Educadora Edmundo Rice:<\/strong><br \/>\nEsc. Mercedes Carrau<\/p>\n<p><strong>Direcci\u00f3n General:<\/strong><br \/>\nMg. Patricia Ponce de Le\u00f3n<\/p>\n<p><strong>Editor Responsable:<\/strong><br \/>\nMg. M\u00e1ximo N\u00fa\u00f1ez<\/p>\n<p><strong>Comit\u00e9 Editorial:<\/strong><br \/>\nMg. M\u00e1ximo N\u00fa\u00f1ez<br \/>\nProf. Andrea Figarola<\/p>\n<p><strong>Revisi\u00f3n de ingl\u00e9s:<\/strong><br \/>\nProf. Rossana Tessore<br \/>\nProf. Bruno Cazzuli<\/p>\n<p><strong>Comit\u00e9 de edici\u00f3n virtual:<\/strong><br \/>\nDepartamento de Comunicaci\u00f3n del Colegio Stella Maris.<br \/>\nComit\u00e9 Editorial.<\/p>\n<p><strong>Comit\u00e9 Acad\u00e9mico Nacional e Internacional:<\/strong><\/p>\n<p>Dra. Alejandra Balbi.\u00a0 Profesora de Alta Dedicaci\u00f3n de la Universidad Cat\u00f3lica del Uruguay. Integrante del Sistema Nacional de Investigadores.<\/p>\n<p>Dr. Francisco Bastitta. Universidad de Buenos Aires, Argentina.<\/p>\n<p>Dra. Elisete Medianeira Tomazetti. Universidade Federal de Santa Maria, Santa Maria, Rio Grande do Sul, Brasil.<\/p>\n<p>Dra. Maria Emanuela Esteves Dos Santos. Universidade Federal de S\u00e3o Jo\u00e3o Del Rei, Brasil.<\/p>\n<p style=\"text-align: justify;\">Dr. Didier Calvar. Facultad de Humanidades y Ciencias de la Educaci\u00f3n, Udelar, Uruguay.<\/p>\n<p style=\"text-align: justify;\">Dr. Ignacio Navarrete Antola. Universidad Cat\u00f3lica del Uruguay, Uruguay.<\/p>\n<p style=\"text-align: justify;\">Dra. Andrea D\u00edaz Genis. Facultad de Humanidades y Ciencias de la Educaci\u00f3n, Udelar, Uruguay.<\/p>\n<p>Mg. Natalia Barraco Mastr\u00e1ngelo. Facultad de Humanidades y Ciencias de la Educaci\u00f3n, Udelar, Uruguay.<\/p>\n<p>Lic. Hugo C\u00e1ceres. L\u00edder Regional para Am\u00e9rica Latina, Hermanos Cristianos.<\/p>\n<p style=\"text-align: justify;\">Ps. Paola Behetti. Facultad de Psicolog\u00eda de la Udelar, Uruguay.<\/p>\n<p>Prof. Pablo Cayota Mendiz\u00e1bal. Instituto Nacional de Evaluaci\u00f3n Educativa, INEED, Uruguay.<\/p>\n<p>Lic. Edh Rodr\u00edguez. Consejo de Formaci\u00f3n en Educaci\u00f3n, ANEP, Uruguay.<\/p>\n<p>Ps. Pablo P\u00e9rez. Universidad Cat\u00f3lica del Uruguay, Uruguay.<\/p>\n<p><strong>Personas que han colaborado en los primeros n\u00fameros:<\/strong><\/p>\n<p>Prof. Mariana Bustos -Comit\u00e9 Editorial-<\/p>\n<p>Dr. Pablo Peralta Ansorena. Facultad de\u00a0 Teolog\u00eda del Uruguay \u00abMons. Mariano Soler\u00bb, Uruguay. -Comit\u00e9 Acad\u00e9mico Nacional e Internacional-<\/p>\n<p>Dra. Ana Ma. Fern\u00e1ndez Caraballo. Facultad de Humanidades y Ciencias de la Educaci\u00f3n, Universidad de la Rep\u00fablica, Uruguay. -Comit\u00e9 Acad\u00e9mico Nacional e Internacional-<\/p>\n<pre style=\"text-align: justify;\"><\/pre>\n","protected":false},"excerpt":{"rendered":"<p>Revista digital arbitrada: Colegio Stella Maris. Montevideo \u2013 Uruguay ISSN 2393-7076 Presencia. Miradas desde y hacia la educaci\u00f3n es una revista dedicada a la reflexi\u00f3n educativa, que busca nuclear la interdisciplinariedad, tendiendo a un alcance que permita generar discusi\u00f3n en el quehacer educativo, aportando herramientas que incentiven la realizaci\u00f3n de pr\u00e1cticas siempre mejores, fundadas en [&hellip;]<\/p>\n","protected":false},"author":1,"featured_media":0,"parent":0,"menu_order":0,"comment_status":"closed","ping_status":"closed","template":"","meta":[],"_links":{"self":[{"href":"https:\/\/www.stellamaris.edu.uy\/revistapresencia\/wp-json\/wp\/v2\/pages\/10"}],"collection":[{"href":"https:\/\/www.stellamaris.edu.uy\/revistapresencia\/wp-json\/wp\/v2\/pages"}],"about":[{"href":"https:\/\/www.stellamaris.edu.uy\/revistapresencia\/wp-json\/wp\/v2\/types\/page"}],"author":[{"embeddable":true,"href":"https:\/\/www.stellamaris.edu.uy\/revistapresencia\/wp-json\/wp\/v2\/users\/1"}],"replies":[{"embeddable":true,"href":"https:\/\/www.stellamaris.edu.uy\/revistapresencia\/wp-json\/wp\/v2\/comments?post=10"}],"version-history":[{"count":28,"href":"https:\/\/www.stellamaris.edu.uy\/revistapresencia\/wp-json\/wp\/v2\/pages\/10\/revisions"}],"predecessor-version":[{"id":1147,"href":"https:\/\/www.stellamaris.edu.uy\/revistapresencia\/wp-json\/wp\/v2\/pages\/10\/revisions\/1147"}],"wp:attachment":[{"href":"https:\/\/www.stellamaris.edu.uy\/revistapresencia\/wp-json\/wp\/v2\/media?parent=10"}],"curies":[{"name":"wp","href":"https:\/\/api.w.org\/{rel}","templated":true}]}}

<p>Revista digital arbitrada: Colegio Stella Maris.<br />
Montevideo – Uruguay<br />
ISSN 2393-7076</p>
<p style="text-align: justify;"><strong>Presencia. Miradas desde y hacia la educación</strong> es una revista dedicada a la reflexión educativa, que busca nuclear la interdisciplinariedad, tendiendo a un alcance que permita generar discusión en el quehacer educativo, aportando herramientas que incentiven la realización de prácticas siempre mejores, fundadas en el marco teórico que respalda la labor docente.</p>
<p><strong>Presidencia de la Asociación Educadora Edmundo Rice:</strong><br />
Esc. Mercedes Carrau</p>
<p><strong>Dirección General:</strong><br />
Mg. Patricia Ponce de León</p>
<p><strong>Editor Responsable:</strong><br />
Mg. Máximo Núñez</p>
<p><strong>Comité Editorial:</strong><br />
Mg. Máximo Núñez<br />
Prof. Andrea Figarola</p>
<p><strong>Revisión de inglés:</strong><br />
Prof. Rossana Tessore<br />
Prof. Bruno Cazzuli</p>
<p><strong>Comité de edición virtual:</strong><br />
Departamento de Comunicación del Colegio Stella Maris.<br />
Comité Editorial.</p>
<p><strong>Comité Académico Nacional e Internacional:</strong></p>
<p>Dra. Alejandra Balbi.  Profesora de Alta Dedicación de la Universidad Católica del Uruguay. Integrante del Sistema Nacional de Investigadores.</p>
<p>Dr. Francisco Bastitta. Universidad de Buenos Aires, Argentina.</p>
<p>Dra. Elisete Medianeira Tomazetti. Universidade Federal de Santa Maria, Santa Maria, Rio Grande do Sul, Brasil.</p>
<p>Dra. Maria Emanuela Esteves Dos Santos. Universidade Federal de São João Del Rei, Brasil.</p>
<p style="text-align: justify;">Dr. Didier Calvar. Facultad de Humanidades y Ciencias de la Educación, Udelar, Uruguay.</p>
<p style="text-align: justify;">Dr. Ignacio Navarrete Antola. Universidad Católica del Uruguay, Uruguay.</p>
<p style="text-align: justify;">Dra. Andrea Díaz Genis. Facultad de Humanidades y Ciencias de la Educación, Udelar, Uruguay.</p>
<p>Mg. Natalia Barraco Mastrángelo. Facultad de Humanidades y Ciencias de la Educación, Udelar, Uruguay.</p>
<p>Lic. Hugo Cáceres. Líder Regional para América Latina, Hermanos Cristianos.</p>
<p style="text-align: justify;">Ps. Paola Behetti. Facultad de Psicología de la Udelar, Uruguay.</p>
<p>Prof. Pablo Cayota Mendizábal. Instituto Nacional de Evaluación Educativa, INEED, Uruguay.</p>
<p>Lic. Edh Rodríguez. Consejo de Formación en Educación, ANEP, Uruguay.</p>
<p>Ps. Pablo Pérez. Universidad Católica del Uruguay, Uruguay.</p>
<p><strong>Personas que han colaborado en los primeros números:</strong></p>
<p>Prof. Mariana Bustos -Comité Editorial-</p>
<p>Dr. Pablo Peralta Ansorena. Facultad de  Teología del Uruguay «Mons. Mariano Soler», Uruguay. -Comité Académico Nacional e Internacional-</p>
<p>Dra. Ana Ma. Fernández Caraballo. Facultad de Humanidades y Ciencias de la Educación, Universidad de la República, Uruguay. -Comité Académico Nacional e Internacional-</p>
<pre style="text-align: justify;"></pre>

<p>Revista digital arbitrada: Colegio Stella Maris. Montevideo – Uruguay ISSN 2393-7076 Presencia. Miradas desde y hacia la educación es una revista dedicada a la reflexión educativa, que busca nuclear la interdisciplinariedad, tendiendo a un alcance que permita generar discusión en el quehacer educativo, aportando herramientas que incentiven la realización de prácticas siempre mejores, fundadas en [&hellip;]</p>
