{"id":14,"date":"2016-09-16T08:47:56","date_gmt":"2016-09-16T14:47:56","guid":{"rendered":"http:\/\/www.stellamaris.edu.uy\/revistapresencia\/?page_id=14"},"modified":"2024-08-17T19:05:29","modified_gmt":"2024-08-17T22:05:29","slug":"convocatoria","status":"publish","type":"page","link":"https:\/\/www.stellamaris.edu.uy\/revistapresencia\/convocatoria\/","title":{"rendered":"Convocatoria"},"content":{"rendered":"<p><span style=\"font-family: 'book antiqua', palatino, serif;\"><strong>Convocatoria para presentaci\u00f3n de art\u00edculos.<\/strong><\/span><\/p>\n<p><span style=\"font-family: 'book antiqua', palatino, serif;\">Revista digital acad\u00e9mica arbitrada: <strong>Presencia. <\/strong><em>\u00a0<\/em>Miradas desde y hacia la educaci\u00f3n.<\/span><\/p>\n<p><span style=\"font-family: 'book antiqua', palatino, serif;\"><strong>N\u00famero 9<\/strong><\/span><\/p>\n<p style=\"text-align: justify;\"><span style=\"font-family: 'book antiqua', palatino, serif;\"><strong>Tem\u00e1tica general:<\/strong><\/span><\/p>\n<p><span style=\"font-family: 'book antiqua', palatino, serif;\">Educaci\u00f3n, conocimientos e ignorancias: \u00bftensiones u oportunidades?<\/span><\/p>\n<p><span style=\"font-size: 12pt; font-family: 'book antiqua', palatino, serif;\">En esta convocatoria, la problematizaci\u00f3n busca aproximarse a escenarios actuales y plantear desde ah\u00ed aspectos que tiendan a las preguntas que nos permitan entender nuestros escenarios de acci\u00f3n; es decir, buscamos una comprensi\u00f3n desde aquellas perspectivas que se consideren posibles para entablar una posibilidad cr\u00edtica y reflexiva. Muchas veces se nos establecen vivencias dicot\u00f3micas, entendiendo a la educaci\u00f3n como la que obstaculiza o habilita, paraliza o acciona, tensiona o genera oportunidades, pero sabemos que podemos abrir esos espectros y transparentar nuevas realidades. Nos sentimos tentados a estabelecer una relaci\u00f3n casi indisociable en esa tr\u00edada que presentamos em el t\u00edtulo, pero tambi\u00e9n entendemos que en \u00e9pocas actuales, reivindican su valor manteniendo las distancias; pero, \u00bfes posible? Y de ser as\u00ed, \u00bfbuscamos reconstruir, resignificar, o solo asociar?<\/span><\/p>\n<p><span style=\"font-size: 12pt; font-family: 'book antiqua', palatino, serif;\">Nuestras miradas actuales buscan observar aspectos que validen pr\u00e1cticas que conduzcan al educador como agente v\u00e1lido de acci\u00f3n, respaldado por aquellos elementos que hacen al contexto y su accionar. Compartimos com ustedes algunas preguntas que consideramos, se pueden tener presente em las producciones que deseen compartir con esta editorial:<\/span><\/p>\n<ul style=\"list-style-type: square;\">\n<li><span style=\"font-size: 12pt; font-family: 'book antiqua', palatino, serif;\">\u00bfQu\u00e9 oportunidades se despiertan desde la educaci\u00f3n para estos tempos actuales?<\/span><\/li>\n<li><span style=\"font-size: 12pt; font-family: 'book antiqua', palatino, serif;\">\u00bfQu\u00e9 educaci\u00f3n, para qu\u00e9 tiempos?<\/span><\/li>\n<li><span style=\"font-size: 12pt; font-family: 'book antiqua', palatino, serif;\">\u00bfC\u00f3mo concebimos las cr\u00edticas, que establecemos desde la educaci\u00f3n, en relaci\u00f3n a los conocimientos?<\/span><\/li>\n<li><span style=\"font-size: 12pt; font-family: 'book antiqua', palatino, serif;\">\u00bfDesde donde focalizamos nuestras reflexiones, evaluaciones y an\u00e1lisis sobre nuestras pr\u00e1cticas educativas?<\/span><\/li>\n<li><span style=\"font-size: 12pt; font-family: 'book antiqua', palatino, serif;\">\u00bfEn qu\u00e9 creen aquellos que se sostienen consolidando formas m\u00e1s tradicionales de educaci\u00f3n?<\/span><\/li>\n<li><span style=\"font-size: 12pt; font-family: 'book antiqua', palatino, serif;\">Miradas cr\u00edticas y reflexivas o \u00bfsolo miradas?<\/span><\/li>\n<li><span style=\"font-size: 12pt; font-family: 'book antiqua', palatino, serif;\">\u00bfHay una racionalidad condescendiente, reflexiva, ajuiciosa?<\/span><\/li>\n<li><span style=\"font-size: 12pt; font-family: 'book antiqua', palatino, serif;\">\u00bfNos posicionamos a mirar el curso de la educaci\u00f3n desde una perspectiva intransigente? \u00bfPor qu\u00e9? \u00bfBajo qu\u00e9 prop\u00f3sitos?<\/span><\/li>\n<li><span style=\"font-size: 12pt; font-family: 'book antiqua', palatino, serif;\">Desde la educaci\u00f3n: \u00bfmodificamos al sujeto o abandonamos una concepci\u00f3n del mismo que creemos v\u00e1lida m\u00e1s all\u00e1 que se tilde de obsoleta?<\/span><\/li>\n<\/ul>\n<p><span style=\"font-family: 'book antiqua', palatino, serif;\">Bajo estas premisas, los invitamos a presentar sus producciones, para ser tenidas en cuenta en nuestro pr\u00f3ximo n\u00famero, en el presente a\u00f1o.<\/span><\/p>\n<p style=\"text-align: justify;\"><span style=\"font-family: 'book antiqua', palatino, serif;\">A continuaci\u00f3n, aspectos a tener presente:<\/span><\/p>\n<p><span style=\"font-family: 'book antiqua', palatino, serif;\"><strong>Pautas generales para la publicaci\u00f3n:\u00a0<\/strong> Se sugieren las siguientes pautas para la realizaci\u00f3n de art\u00edculos.<\/span><\/p>\n<ul>\n<li style=\"text-align: justify;\"><span style=\"font-family: 'book antiqua', palatino, serif;\">Se realizar\u00e1 la publicaci\u00f3n de un art\u00edculo en calidad de autor y\/o coautor.<\/span><\/li>\n<li style=\"text-align: justify;\"><span style=\"font-family: 'book antiqua', palatino, serif;\">Los art\u00edculos se recepcionar\u00e1n en formato Word, con p\u00e1ginas numeradas secuencialmente y configuradas en tama\u00f1o A4 (21 x 29,7 cm) a interlineado 1,5. Fuente <em>Times New Roman<\/em>, en cuerpo 12.<\/span><\/li>\n<li style=\"text-align: left;\"><span style=\"font-family: 'book antiqua', palatino, serif;\">Los art\u00edculos podr\u00e1n contar con una extensi\u00f3n no mayor a 4000 (cuatro mil) palabras (excluyente).<\/span><\/li>\n<li style=\"text-align: left;\"><span style=\"font-family: 'book antiqua', palatino, serif;\">El art\u00edculo deber\u00e1 incluir un breve resumen con cinco palabras clave. Dicho resumen se realizar\u00e1 en ingl\u00e9s y en la lengua que se presenta el art\u00edculo.\u00a0<\/span><\/li>\n<li style=\"text-align: left;\"><span style=\"font-family: 'book antiqua', palatino, serif;\">El art\u00edculo deber\u00e1 incluir el\/los nombre\/s de el\/los autor\/es, con una nota al pie con la referencia de cada uno de ellos, indicando titulaci\u00f3n e instituci\u00f3n de egreso, actividad profesional que desempe\u00f1a y direcci\u00f3n de correo electr\u00f3nico.<\/span><\/li>\n<li style=\"text-align: left;\"><span style=\"font-family: 'book antiqua', palatino, serif;\">Los art\u00edculos se presentar\u00e1n utilizando el sistema APA de referencias (Consultar Manual de Publicaciones de la Asociaci\u00f3n Americana de Psicolog\u00eda, 7ta Edici\u00f3n).\u00a0 <\/span><\/li>\n<li style=\"text-align: left;\"><span style=\"font-family: 'book antiqua', palatino, serif;\">Los art\u00edculos deber\u00e1n especificar a qu\u00e9 \u00e1rea responden en esta convocatoria (ver punto m\u00e1s abajo).<\/span><\/li>\n<\/ul>\n<p style=\"text-align: left;\"><span style=\"font-family: 'book antiqua', palatino, serif;\"><strong>Selecci\u00f3n y arbitraje:\u00a0<\/strong> Los art\u00edculos de libre pensamiento ser\u00e1n juzgados por su calidad acad\u00e9mica mediante arbitraje ciego, obteniendo los siguientes juicios:<\/span><\/p>\n<ul>\n<li style=\"text-align: left;\"><span style=\"font-family: 'book antiqua', palatino, serif;\">Publicable.<\/span><\/li>\n<li style=\"text-align: left;\"><span style=\"font-family: 'book antiqua', palatino, serif;\">Publicable con cambios (modificaciones m\u00ednimas o mayores).<\/span><\/li>\n<li style=\"text-align: justify;\"><span style=\"font-family: 'book antiqua', palatino, serif;\">No publicable.<\/span><\/li>\n<\/ul>\n<p><span style=\"font-family: 'book antiqua', palatino, serif;\"><strong>La revista contar\u00e1 con la siguiente estructura:<\/strong><\/span><\/p>\n<ul>\n<li style=\"text-align: left;\"><span style=\"font-family: 'book antiqua', palatino, serif;\"><span style=\"text-decoration: underline;\">Tem\u00e1tica general:<\/span> Para esta secci\u00f3n de la revista se contar\u00e1 con art\u00edculos que respondan a la convocatoria sobre: Educaci\u00f3n, conocimientos e ignorancias: \u00bftensiones u oportunidades?<\/span><\/li>\n<li style=\"text-align: left;\"><span style=\"font-family: 'book antiqua', palatino, serif;\"><span style=\"text-decoration: underline;\">\u00c1reas espec\u00edficas:<\/span> Para esta secci\u00f3n, se han de tener presente aquellos art\u00edculos que quieran ser presentados bajo un \u00e1rea determinada, haciendo menci\u00f3n a la tem\u00e1tica general o simplemente compartiendo experiencias, como tambi\u00e9n estudios espec\u00edficos sobre aspectos de educaci\u00f3n.<\/span><\/li>\n<li style=\"text-align: left;\"><span style=\"font-family: 'book antiqua', palatino, serif;\"><span style=\"text-decoration: underline;\">Miscel\u00e1neos:<\/span> Se puede incluir rese\u00f1as bibliogr\u00e1ficas o selecci\u00f3n de tesis de grados o posgrados, al igual que art\u00edculos en general, que respondan a una tem\u00e1tica educativa.<\/span><\/li>\n<\/ul>\n<p style=\"text-align: left;\"><span style=\"font-family: 'book antiqua', palatino, serif;\"><strong>Los art\u00edculos podr\u00e1n ser presentados en:<\/strong> espa\u00f1ol, ingl\u00e9s y portugu\u00e9s. Estos ser\u00e1n enviados a: <span style=\"color: #3366ff;\">revistapresencia@stellamaris.edu.uy<\/span> seg\u00fan las siguientes indicaciones:<\/span><\/p>\n<ul>\n<li style=\"text-align: left;\"><span style=\"font-family: 'book antiqua', palatino, serif;\">Fecha l\u00edmite para la presentaci\u00f3n de art\u00edculos: 22 de setiembre de 2024.<\/span><\/li>\n<li style=\"text-align: left;\"><span style=\"font-family: 'book antiqua', palatino, serif;\">Fecha l\u00edmite de per\u00edodo de arbitraje: 25 de octubre de 2023.<\/span><\/li>\n<li style=\"text-align: left;\"><span style=\"font-family: 'book antiqua', palatino, serif;\">Fecha l\u00edmite para env\u00edo de art\u00edculos con correcciones: 24 de noviembre de 2024.<\/span><\/li>\n<li style=\"text-align: left;\"><span style=\"font-family: 'book antiqua', palatino, serif;\">Publicaci\u00f3n: 6 de diciembre de 2024.<\/span><\/li>\n<li style=\"text-align: left;\"><span style=\"font-family: 'book antiqua', palatino, serif;\">(Es posible que algunas de estas fechas est\u00e9n sujetas a modificaciones).<\/span><\/li>\n<\/ul>\n","protected":false},"excerpt":{"rendered":"<p>Convocatoria para presentaci\u00f3n de art\u00edculos. Revista digital acad\u00e9mica arbitrada: Presencia. \u00a0Miradas desde y hacia la educaci\u00f3n. N\u00famero 9 Tem\u00e1tica general: Educaci\u00f3n, conocimientos e ignorancias: \u00bftensiones u oportunidades? En esta convocatoria, la problematizaci\u00f3n busca aproximarse a escenarios actuales y plantear desde ah\u00ed aspectos que tiendan a las preguntas que nos permitan entender nuestros escenarios de acci\u00f3n; [&hellip;]<\/p>\n","protected":false},"author":1,"featured_media":0,"parent":0,"menu_order":0,"comment_status":"closed","ping_status":"closed","template":"","meta":[],"_links":{"self":[{"href":"https:\/\/www.stellamaris.edu.uy\/revistapresencia\/wp-json\/wp\/v2\/pages\/14"}],"collection":[{"href":"https:\/\/www.stellamaris.edu.uy\/revistapresencia\/wp-json\/wp\/v2\/pages"}],"about":[{"href":"https:\/\/www.stellamaris.edu.uy\/revistapresencia\/wp-json\/wp\/v2\/types\/page"}],"author":[{"embeddable":true,"href":"https:\/\/www.stellamaris.edu.uy\/revistapresencia\/wp-json\/wp\/v2\/users\/1"}],"replies":[{"embeddable":true,"href":"https:\/\/www.stellamaris.edu.uy\/revistapresencia\/wp-json\/wp\/v2\/comments?post=14"}],"version-history":[{"count":33,"href":"https:\/\/www.stellamaris.edu.uy\/revistapresencia\/wp-json\/wp\/v2\/pages\/14\/revisions"}],"predecessor-version":[{"id":1149,"href":"https:\/\/www.stellamaris.edu.uy\/revistapresencia\/wp-json\/wp\/v2\/pages\/14\/revisions\/1149"}],"wp:attachment":[{"href":"https:\/\/www.stellamaris.edu.uy\/revistapresencia\/wp-json\/wp\/v2\/media?parent=14"}],"curies":[{"name":"wp","href":"https:\/\/api.w.org\/{rel}","templated":true}]}}

<p><span style="font-family: 'book antiqua', palatino, serif;"><strong>Convocatoria para presentación de artículos.</strong></span></p>
<p><span style="font-family: 'book antiqua', palatino, serif;">Revista digital académica arbitrada: <strong>Presencia. </strong><em> </em>Miradas desde y hacia la educación.</span></p>
<p><span style="font-family: 'book antiqua', palatino, serif;"><strong>Número 9</strong></span></p>
<p style="text-align: justify;"><span style="font-family: 'book antiqua', palatino, serif;"><strong>Temática general:</strong></span></p>
<p><span style="font-family: 'book antiqua', palatino, serif;">Educación, conocimientos e ignorancias: ¿tensiones u oportunidades?</span></p>
<p><span style="font-size: 12pt; font-family: 'book antiqua', palatino, serif;">En esta convocatoria, la problematización busca aproximarse a escenarios actuales y plantear desde ahí aspectos que tiendan a las preguntas que nos permitan entender nuestros escenarios de acción; es decir, buscamos una comprensión desde aquellas perspectivas que se consideren posibles para entablar una posibilidad crítica y reflexiva. Muchas veces se nos establecen vivencias dicotómicas, entendiendo a la educación como la que obstaculiza o habilita, paraliza o acciona, tensiona o genera oportunidades, pero sabemos que podemos abrir esos espectros y transparentar nuevas realidades. Nos sentimos tentados a estabelecer una relación casi indisociable en esa tríada que presentamos em el título, pero también entendemos que en épocas actuales, reivindican su valor manteniendo las distancias; pero, ¿es posible? Y de ser así, ¿buscamos reconstruir, resignificar, o solo asociar?</span></p>
<p><span style="font-size: 12pt; font-family: 'book antiqua', palatino, serif;">Nuestras miradas actuales buscan observar aspectos que validen prácticas que conduzcan al educador como agente válido de acción, respaldado por aquellos elementos que hacen al contexto y su accionar. Compartimos com ustedes algunas preguntas que consideramos, se pueden tener presente em las producciones que deseen compartir con esta editorial:</span></p>
<ul style="list-style-type: square;">
<li><span style="font-size: 12pt; font-family: 'book antiqua', palatino, serif;">¿Qué oportunidades se despiertan desde la educación para estos tempos actuales?</span></li>
<li><span style="font-size: 12pt; font-family: 'book antiqua', palatino, serif;">¿Qué educación, para qué tiempos?</span></li>
<li><span style="font-size: 12pt; font-family: 'book antiqua', palatino, serif;">¿Cómo concebimos las críticas, que establecemos desde la educación, en relación a los conocimientos?</span></li>
<li><span style="font-size: 12pt; font-family: 'book antiqua', palatino, serif;">¿Desde donde focalizamos nuestras reflexiones, evaluaciones y análisis sobre nuestras prácticas educativas?</span></li>
<li><span style="font-size: 12pt; font-family: 'book antiqua', palatino, serif;">¿En qué creen aquellos que se sostienen consolidando formas más tradicionales de educación?</span></li>
<li><span style="font-size: 12pt; font-family: 'book antiqua', palatino, serif;">Miradas críticas y reflexivas o ¿solo miradas?</span></li>
<li><span style="font-size: 12pt; font-family: 'book antiqua', palatino, serif;">¿Hay una racionalidad condescendiente, reflexiva, ajuiciosa?</span></li>
<li><span style="font-size: 12pt; font-family: 'book antiqua', palatino, serif;">¿Nos posicionamos a mirar el curso de la educación desde una perspectiva intransigente? ¿Por qué? ¿Bajo qué propósitos?</span></li>
<li><span style="font-size: 12pt; font-family: 'book antiqua', palatino, serif;">Desde la educación: ¿modificamos al sujeto o abandonamos una concepción del mismo que creemos válida más allá que se tilde de obsoleta?</span></li>
</ul>
<p><span style="font-family: 'book antiqua', palatino, serif;">Bajo estas premisas, los invitamos a presentar sus producciones, para ser tenidas en cuenta en nuestro próximo número, en el presente año.</span></p>
<p style="text-align: justify;"><span style="font-family: 'book antiqua', palatino, serif;">A continuación, aspectos a tener presente:</span></p>
<p><span style="font-family: 'book antiqua', palatino, serif;"><strong>Pautas generales para la publicación: </strong> Se sugieren las siguientes pautas para la realización de artículos.</span></p>
<ul>
<li style="text-align: justify;"><span style="font-family: 'book antiqua', palatino, serif;">Se realizará la publicación de un artículo en calidad de autor y/o coautor.</span></li>
<li style="text-align: justify;"><span style="font-family: 'book antiqua', palatino, serif;">Los artículos se recepcionarán en formato Word, con páginas numeradas secuencialmente y configuradas en tamaño A4 (21 x 29,7 cm) a interlineado 1,5. Fuente <em>Times New Roman</em>, en cuerpo 12.</span></li>
<li style="text-align: left;"><span style="font-family: 'book antiqua', palatino, serif;">Los artículos podrán contar con una extensión no mayor a 4000 (cuatro mil) palabras (excluyente).</span></li>
<li style="text-align: left;"><span style="font-family: 'book antiqua', palatino, serif;">El artículo deberá incluir un breve resumen con cinco palabras clave. Dicho resumen se realizará en inglés y en la lengua que se presenta el artículo. </span></li>
<li style="text-align: left;"><span style="font-family: 'book antiqua', palatino, serif;">El artículo deberá incluir el/los nombre/s de el/los autor/es, con una nota al pie con la referencia de cada uno de ellos, indicando titulación e institución de egreso, actividad profesional que desempeña y dirección de correo electrónico.</span></li>
<li style="text-align: left;"><span style="font-family: 'book antiqua', palatino, serif;">Los artículos se presentarán utilizando el sistema APA de referencias (Consultar Manual de Publicaciones de la Asociación Americana de Psicología, 7ta Edición).  </span></li>
<li style="text-align: left;"><span style="font-family: 'book antiqua', palatino, serif;">Los artículos deberán especificar a qué área responden en esta convocatoria (ver punto más abajo).</span></li>
</ul>
<p style="text-align: left;"><span style="font-family: 'book antiqua', palatino, serif;"><strong>Selección y arbitraje: </strong> Los artículos de libre pensamiento serán juzgados por su calidad académica mediante arbitraje ciego, obteniendo los siguientes juicios:</span></p>
<ul>
<li style="text-align: left;"><span style="font-family: 'book antiqua', palatino, serif;">Publicable.</span></li>
<li style="text-align: left;"><span style="font-family: 'book antiqua', palatino, serif;">Publicable con cambios (modificaciones mínimas o mayores).</span></li>
<li style="text-align: justify;"><span style="font-family: 'book antiqua', palatino, serif;">No publicable.</span></li>
</ul>
<p><span style="font-family: 'book antiqua', palatino, serif;"><strong>La revista contará con la siguiente estructura:</strong></span></p>
<ul>
<li style="text-align: left;"><span style="font-family: 'book antiqua', palatino, serif;"><span style="text-decoration: underline;">Temática general:</span> Para esta sección de la revista se contará con artículos que respondan a la convocatoria sobre: Educación, conocimientos e ignorancias: ¿tensiones u oportunidades?</span></li>
<li style="text-align: left;"><span style="font-family: 'book antiqua', palatino, serif;"><span style="text-decoration: underline;">Áreas específicas:</span> Para esta sección, se han de tener presente aquellos artículos que quieran ser presentados bajo un área determinada, haciendo mención a la temática general o simplemente compartiendo experiencias, como también estudios específicos sobre aspectos de educación.</span></li>
<li style="text-align: left;"><span style="font-family: 'book antiqua', palatino, serif;"><span style="text-decoration: underline;">Misceláneos:</span> Se puede incluir reseñas bibliográficas o selección de tesis de grados o posgrados, al igual que artículos en general, que respondan a una temática educativa.</span></li>
</ul>
<p style="text-align: left;"><span style="font-family: 'book antiqua', palatino, serif;"><strong>Los artículos podrán ser presentados en:</strong> español, inglés y portugués. Estos serán enviados a: <span style="color: #3366ff;">revistapresencia@stellamaris.edu.uy</span> según las siguientes indicaciones:</span></p>
<ul>
<li style="text-align: left;"><span style="font-family: 'book antiqua', palatino, serif;">Fecha límite para la presentación de artículos: 22 de setiembre de 2024.</span></li>
<li style="text-align: left;"><span style="font-family: 'book antiqua', palatino, serif;">Fecha límite de período de arbitraje: 25 de octubre de 2023.</span></li>
<li style="text-align: left;"><span style="font-family: 'book antiqua', palatino, serif;">Fecha límite para envío de artículos con correcciones: 24 de noviembre de 2024.</span></li>
<li style="text-align: left;"><span style="font-family: 'book antiqua', palatino, serif;">Publicación: 6 de diciembre de 2024.</span></li>
<li style="text-align: left;"><span style="font-family: 'book antiqua', palatino, serif;">(Es posible que algunas de estas fechas estén sujetas a modificaciones).</span></li>
</ul>

<p>Convocatoria para presentación de artículos. Revista digital académica arbitrada: Presencia.  Miradas desde y hacia la educación. Número 9 Temática general: Educación, conocimientos e ignorancias: ¿tensiones u oportunidades? En esta convocatoria, la problematización busca aproximarse a escenarios actuales y plantear desde ahí aspectos que tiendan a las preguntas que nos permitan entender nuestros escenarios de acción; [&hellip;]</p>
